 + 7. Suppose -c + 3*t + 22 = 0, c = -c - u*t + 52. What is the units digit of c?
5
Let l(k) = k**2 - 6*k - 8. Let m(r) = 6*r**2 - 6*r + 6*r**3 + 3 + 2*r - 7*r**3. Let c be m(5). What is the units digit of l(c)?
8
Let q(h) = -h**3 - 45*h**2 - 57*h + 41. What is the tens digit of q(-44)?
1
What is the tens digit of 1*(-10)/30*-4143?
8
Suppose -13 = -j - 11. Suppose v = j*g - 3, 37 + 11 = 4*v + 4*g. What is the units digit of v?
7
Let w(r) = r**2 + 13*r - 11. Let k be w(-14). Suppose k*n + 8 = n. What is the tens digit of 75/(-6)*(n - -2)?
2
Let g(o) = 13*o + 1. Let l be g(2). What is the units digit of (-20)/(-6)*l/2?
5
Let r = -7 + 9. Suppose v = -r*v. Let s = v - -1. What is the units digit of s?
1
Let d(t) = 337*t**2 - 14*t + 28. What is the units digit of d(2)?
8
Let u(r) = -70*r + 188. What is the tens digit of u(-8)?
4
Suppose 3*m + 2*m = 125. Let c = m + 27. What is the tens digit of c?
5
Suppose -9*v = -7*v - 1304. What is the tens digit of v?
5
Let a = 13 - 10. Let z(h) = h**3 - 3*h**2 + h + 1. Let c be z(a). What is the units digit of c - ((-5)/1 - -2)?
7
Let h(r) = -2 + 3*r + 0 - r + 8*r**2. Let x be 16/9 + 29/((-3132)/(-24)). What is the units digit of h(x)?
4
What is the tens digit of ((-9698)/78)/((-3)/18)?
4
Suppose j = -h + 37, 4*j - 2*h - 132 = 46. Suppose 3*r + 9 = j. What is the tens digit of r?
1
Suppose 310 = 2*q - 7*q. Let s = 162 + q. What is the units digit of s?
0
Suppose -5201 = -3*g + d, -4*d - 1719 = -25*g + 24*g. What is the hundreds digit of g?
7
Let c be (-1)/(-2) - 234/52. Let k = c + 33. What is the units digit of k?
9
Let r = 19 + -15. Suppose -r*x + 61 = i, 0 = 3*x - 4*i - 25 - 16. What is the tens digit of x/(-20) + 163/4?
4
Suppose 4248 + 3969 = 33*x. What is the tens digit of x?
4
Let h be 23/(-7) - (-4)/14. Suppose -2575*c - 18 = -2569*c. What is the units digit of c*h/3 - -63?
6
Suppose -r = -3*u - 117, u = 2*r - 7*r + 521. Suppose c + 3*b - 5*b - 87 = 0, -r = -c - 4*b. What is the units digit of c?
3
Let g be (-12)/18*(-51)/2. Let m be (-2)/3 + g/3. Suppose 5 = l - m. What is the tens digit of l?
1
Let v be (11 - 2/2) + 3. Suppose 4*o - v = 7. Suppose 3*d - 119 = -d + r, o*d = -5*r + 155. What is the units digit of d?
0
Let c = 21 + -40. Let u = 57 - 23. Let d = u + c. What is the tens digit of d?
1
Let c be 676/8 + (-4)/8. Suppose 89*h - 40 = c*h. What is the units digit of h?
8
Suppose -o = 3, 2*p + o + 368 = 3*p. What is the hundreds digit of p?
3
Let l(f) = -1 - 2 - 49*f + 53*f. Let q be l(4). Suppose 3*p - 8 = q. What is the units digit of p?
7
Let w = 843 + -289. What is the tens digit of w?
5
Let n(h) = 2*h**2 + 19*h + 98. What is the tens digit of n(-21)?
8
Let y(z) = -z**3 + 4*z + 5. Let m be y(-4). Suppose -8*v + m = -7*v. What is the tens digit of v?
5
Let l(o) = o**3 + 3*o**2 + 2*o. Let s be l(-1). Suppose s*u = 3*u - 462. What is the tens digit of u?
5
What is the thousands digit of 2/(-8) - (13 - (-37695)/(-12))?
3
Suppose 1966 - 50526 = -16*q. What is the hundreds digit of q?
0
Suppose -10496 - 74640 = -34*u. What is the hundreds digit of u?
5
Suppose 7*n - 6 = 4*n. Suppose -3*j + 16 = -z, 3*z + n*z + 20 = 0. Suppose 0 = 5*y - 15, -j*m + 65 = -3*y + 2*y. What is the units digit of m?
7
Suppose 4*j = 5*j - 2. Suppose 55 = j*l - 77. What is the tens digit of l?
6
Suppose 0 = -2*i + 12 - 16. What is the tens digit of (-5760)/(-21) + i + (-10)/35?
7
Let d(z) = 51*z**2 - 35*z + 153. What is the thousands digit of d(5)?
1
Suppose -2*m - f + 1791 = -1721, -3*m + 5262 = 3*f. What is the thousands digit of m?
1
Suppose -2*q = -2, 5*c + 242 - 37 = -5*q. Suppose 2*u + z - 149 = -0*z, -5*u = -3*z - 378. Let o = u + c. What is the units digit of o?
3
Suppose 2*a = 3*l - 220, 3*a - 66 - 129 = -3*l. Suppose -3*q + 2*b + 63 + l = 0, q = -b + 36. What is the tens digit of q?
4
Let p = -121 + 445. Suppose 41 = 5*o - p. What is the units digit of o?
3
What is the tens digit of (390/(-9))/(100/36 + -3)?
9
Let s(p) be the first derivative of p**3/3 + 2*p**2 - 3*p + 14. What is the tens digit of s(4)?
2
Let b be (-2)/(2/3*-1). Let d(s) = -18*s - 33. Let o be d(-9). Suppose -b*h - o = -6*h. What is the tens digit of h?
4
Let q(f) = f**3 + 11*f**2 + 19*f + 11. Let g be q(-9). Suppose g*n = 7*n - 70. Suppose 2*l = 2*p - n, -p - 73 = -5*p - 5*l. What is the units digit of p?
2
Let b = -2640 + 3790. Let r be 6/(-8) - b/(-40). What is the tens digit of (r/1)/(-1 + 2)?
2
Let v(z) = -z**2 + 5*z - 4. Let s be v(3). Suppose 0*l + s*l + 4*x = 144, 3*x - 210 = -3*l. What is the units digit of l?
8
Let l(x) = 2*x**3 + 7*x**2 + 9*x - 15. What is the hundreds digit of l(5)?
4
Let h(z) = z**3 - 11*z**2 + 11*z - 5. Suppose 4*p = 5*g - 4, 3*g - g - 5*p + 12 = 0. Suppose 4*w + 4 = 0, -u - g*w = -0*u - 6. What is the units digit of h(u)?
5
Let m be -2*(-511)/(-28) - 2/(-4). Let u = 55 + m. What is the units digit of u?
9
Suppose -c = -2, -3720 = -27*w + 23*w - 4*c. What is the hundreds digit of w?
9
What is the hundreds digit of ((-343)/(-28))/((-3)/(-48))?
1
Let t(b) = 2*b + 1. Suppose 3*r + 3*u - 2 = -23, 5*r + 27 = 3*u. Let x be (2/r)/((-2)/36). What is the units digit of t(x)?
3
Let x(y) = -y**3 + 7*y**2 + 7*y + 11. Let w be x(8). Let r be 6/(w/(6/4)). Suppose r*a - 17 = 10. What is the units digit of a?
9
Let w(n) = -40*n - 3*n**2 - 20 + 32*n + 4*n**2. Let c be w(10). Suppose -5*t + 150 + 25 = c. What is the tens digit of t?
3
Suppose -12 = -3*r + 9. Let h(d) = -d**2 + 8*d + 5. Let n be h(r). Let z = n - -1. What is the tens digit of z?
1
Let s = 39 - 15. Suppose 0*z = 6*z - s. Suppose z*t - 74 + 18 = 0. What is the units digit of t?
4
Let l = -94 - -458. Let m = 591 - l. What is the tens digit of m?
2
Let n = -406 - -1804. What is the units digit of n?
8
Suppose 21 = -6*l + 225. Let o(u) = -6*u + 3. Let h be o(-3). Let c = l - h. What is the units digit of c?
3
Suppose -440 = -2*r + 392. Let g = r - 197. What is the units digit of g?
9
Let l(j) = 10*j**2 - 35*j - 100. What is the thousands digit of l(18)?
2
Let v(n) = n**3 + 7*n**2 - 2*n + 8. Suppose 2*y - 65 = 23. Let k be (-6)/(-33) + (-316)/y. What is the tens digit of v(k)?
2
Suppose -28*h - 146640 = -93*h. What is the thousands digit of h?
2
Let l be 7 + (4 + -3)*-1. Suppose 9 = -3*s + x - 4*x, 4*s - l = 2*x. Suppose -4*n + 4*f + 108 = s, -2*n + 35 = -f - 23. What is the units digit of n?
1
Suppose -r - 5 = -12. Let f(b) = 3 - 8*b - r + b**2 - 11. What is the units digit of f(11)?
8
What is the hundreds digit of (3747/6)/(-2*1/(-4))?
2
Let w = -12 + 21. Suppose -5*a - 34 = -9, -w = -q - 4*a. What is the tens digit of q?
2
Let z(t) = -t**2 - 10*t - 13. Let r be z(-8). Suppose -r*d + 181 = -4*d. Let g = -128 - d. What is the units digit of g?
3
Suppose o + 7*i - 13 = 3*i, 4*o + 4*i - 40 = 0. Suppose 0 = o*x - 4*x - 140. What is the tens digit of x?
2
Let c = 78 - -1. Suppose -250 = 3*m - c. Let v = -8 - m. What is the units digit of v?
9
Let k = 12 + -10. Suppose -70 = -j - i, -2*j - k*i + 4*i + 156 = 0. What is the units digit of j?
4
Let k(n) = -10 - 12*n - 9*n - n**2 + 4*n + 3*n. Let z be k(-13). Suppose 11 = z*c - 205. What is the tens digit of c?
7
Suppose -28 = -5*u - 3. Suppose u*p = -159 + 744. Suppose -p = -4*o + 5*h, 0*h + 15 = -3*h. What is the tens digit of o?
2
Suppose 0*y = 3*y + m - 15, y + 2*m = 0. Let b(f) = 3*f**2 - 4*f + 18. What is the tens digit of b(y)?
0
Suppose 3*i = o + 7683, 32*o - 37*o = 2*i - 5139. What is the thousands digit of i?
2
What is the hundreds digit of 10/(-25)*12945/(-3)?
7
Suppose -5*c - 18 = o - 2*o, 3*c + 68 = 5*o. What is the tens digit of o?
1
Let n = 996 + -289. What is the hundreds digit of n?
7
Suppose -2*g - 2*g + 32 = 0. Suppose -5*j - g = -j. Let o(y) = 2*y**2 - 2*y + 1. What is the tens digit of o(j)?
1
Suppose -2*h + k = -556, -3*k + 7*k + 1396 = 5*h. What is the hundreds digit of h?
2
Suppose 0 = -4*b - 3 + 19. Suppose -n = b*r - 53 - 42, 3*r - 492 = -5*n. What is the tens digit of n?
9
Let u = 15 + -14. Suppose -u - 9 = 5*b. What is the tens digit of (-1170)/(-20) - 1/b?
5
Let f = -29 - -45. Suppose 0*d + 4*d - f = 0. Suppose d*g + g - 80 = 0. What is the tens digit of g?
1
Let p(i) = -1 - 4*i - i - 5*i + 3*i. Let t(d) = d - 4. Let o be t(2). What is the tens digit of p(o)?
1
Suppose -38*y + 4255 = -15*y. What is